{"id":845,"date":"2021-07-23T15:50:26","date_gmt":"2021-07-23T15:50:26","guid":{"rendered":"http:\/\/narraventures.com\/coaching\/?page_id=845"},"modified":"2021-08-13T11:51:27","modified_gmt":"2021-08-13T11:51:27","slug":"nos-histoires","status":"publish","type":"page","link":"http:\/\/narraventures.com\/coaching\/nos-histoires\/","title":{"rendered":"Nos histoires"},"content":{"rendered":"<p>{:fr}<div class='content-column one_half'><div style=\"padding-right:4px;\"><figure id=\"attachment_849\" aria-describedby=\"caption-attachment-849\" style=\"width: 419px\" class=\"wp-caption alignnone\"><img loading=\"lazy\" class=\"wp-image-849\" src=\"http:\/\/narraventures.com\/coaching\/wp-content\/uploads\/2021\/07\/Cascade-Acores_500.jpg\" alt=\"Cascade - A\u00e7ores\" width=\"419\" height=\"280\" srcset=\"http:\/\/narraventures.com\/coaching\/wp-content\/uploads\/2021\/07\/Cascade-Acores_500.jpg 749w, http:\/\/narraventures.com\/coaching\/wp-content\/uploads\/2021\/07\/Cascade-Acores_500-300x200.jpg 300w\" sizes=\"(max-width: 419px) 100vw, 419px\" \/><figcaption id=\"caption-attachment-849\" class=\"wp-caption-text\">Cascade &#8211; A\u00e7ores<\/figcaption><\/figure><\/div><\/div><div class='content-column one_half last_column'><div style=\"padding-left:20px;\"><p style=\"text-align: justify;\">\u00ab La m\u00e9taphore de la travers\u00e9e m&rsquo;a plong\u00e9e mardi soir dans un \u00e9tat m\u00e9ditatif sur le ponton bien vent\u00e9 du bateau. Elle s&rsquo;est impos\u00e9e \u00e0 moi hier alors que je pr\u00e9parais l&rsquo;invitation par mail \u00e0 la rencontre des <em>m\u00e9decins de la parentalit\u00e9<\/em>, et dont la formulation a \u00e9t\u00e9 tr\u00e8s appr\u00e9ci\u00e9e&#8230;<br \/>\nCette m\u00e9taphore m&rsquo;a aussi accompagn\u00e9e hier pendant que j&rsquo;\u00e9tais auditionn\u00e9e en tant que t\u00e9moin \u00e0 la cour d&rsquo;assises du palais de justice de Paris&#8230;<\/p><\/div><\/div><div class='clear_column'><\/div>&#8230;J&rsquo;ai termin\u00e9 la mise en place dans mon cahier blanc de la collecte des post-it offerts par les participants au fil des \u00e9changes. Avec \u00e9motion. Avec reconnaissance. Pour chacune des personnes rassembl\u00e9es par toi en ce lieu si beau qu&rsquo;est l&rsquo;Ile de Groix.<br \/>\nEt toute ma gratitude pour ces temps de croissance int\u00e9rieure que tu as suscit\u00e9 et qui me donnent les forces dont j&rsquo;ai besoin pour accompagner les projets que je porte aujourd&rsquo;hui. \u00bb<\/p>\n<p>(Groix 2021)<\/p>\n<p style=\"text-align: justify;\"><div class='content-column one_half'><div style=\"padding-right:4px;\"><figure id=\"attachment_851\" aria-describedby=\"caption-attachment-851\" style=\"width: 600px\" class=\"wp-caption alignnone\"><img loading=\"lazy\" class=\"wp-image-851 size-full\" src=\"http:\/\/narraventures.com\/coaching\/wp-content\/uploads\/2021\/07\/Challenge-sur-plage_Groix_600.jpg\" alt=\"Challenge sur plage - Groix\" width=\"600\" height=\"450\" srcset=\"http:\/\/narraventures.com\/coaching\/wp-content\/uploads\/2021\/07\/Challenge-sur-plage_Groix_600.jpg 600w, http:\/\/narraventures.com\/coaching\/wp-content\/uploads\/2021\/07\/Challenge-sur-plage_Groix_600-300x225.jpg 300w\" sizes=\"(max-width: 600px) 100vw, 600px\" \/><figcaption id=\"caption-attachment-851\" class=\"wp-caption-text\">Challenge sur plage &#8211; Groix<\/figcaption><\/figure>\n<p style=\"text-align: justify;\"><\/div><\/div><div class='content-column one_half last_column'><div style=\"padding-left:4px;\"><figure id=\"attachment_850\" aria-describedby=\"caption-attachment-850\" style=\"width: 600px\" class=\"wp-caption alignnone\"><img loading=\"lazy\" class=\"wp-image-850 size-full\" src=\"http:\/\/narraventures.com\/coaching\/wp-content\/uploads\/2021\/07\/debrief_600.jpg\" alt=\"Debrief \" width=\"600\" height=\"450\" srcset=\"http:\/\/narraventures.com\/coaching\/wp-content\/uploads\/2021\/07\/debrief_600.jpg 600w, http:\/\/narraventures.com\/coaching\/wp-content\/uploads\/2021\/07\/debrief_600-300x225.jpg 300w\" sizes=\"(max-width: 600px) 100vw, 600px\" \/><figcaption id=\"caption-attachment-850\" class=\"wp-caption-text\">Debrief<\/figcaption><\/figure>\n<p style=\"text-align: justify;\"><\/div><\/div><div class='clear_column'><\/div><br \/>\n\u00ab Une terre au paysage \u00e0 couper le souffle, une terre \u00e0 la v\u00e9g\u00e9tation luxuriante, une terre qui vit, respire et nous le communique.<br \/>\nC\u2019est le premier voyage \u00e0 l\u2019\u00e9tranger que je fais seul sans famille ou amis proches.<br \/>\nC\u2019est le premier voyage qui m\u2019a donn\u00e9 une sensation de libert\u00e9 de nature \u00e0 l\u2019\u00e9tat sauvage.<br \/>\nC\u2019est le premier voyage au cours duquel je pratique la randonn\u00e9e quotidienne, source de vitalit\u00e9. Mais c\u2019est \u00e9galement<br \/>\nLe premier voyage mi-atelier, mi-randonn\u00e9e, le premier voyage en groupe o\u00f9 nous partageons tout. Le premier voyage qui me fait envie d\u2019y retourner bient\u00f4t. \u00bb<\/p>\n<p>(participante Acores, 2019)<\/p>\n<figure id=\"attachment_868\" aria-describedby=\"caption-attachment-868\" style=\"width: 1154px\" class=\"wp-caption aligncenter\"><img loading=\"lazy\" class=\"wp-image-868 size-full\" src=\"http:\/\/narraventures.com\/coaching\/wp-content\/uploads\/2021\/07\/Atelier-creation-Groix_400b.jpg\" alt=\"\" width=\"1154\" height=\"400\" srcset=\"http:\/\/narraventures.com\/coaching\/wp-content\/uploads\/2021\/07\/Atelier-creation-Groix_400b.jpg 1154w, http:\/\/narraventures.com\/coaching\/wp-content\/uploads\/2021\/07\/Atelier-creation-Groix_400b-300x104.jpg 300w, http:\/\/narraventures.com\/coaching\/wp-content\/uploads\/2021\/07\/Atelier-creation-Groix_400b-768x266.jpg 768w, http:\/\/narraventures.com\/coaching\/wp-content\/uploads\/2021\/07\/Atelier-creation-Groix_400b-1024x355.jpg 1024w\" sizes=\"(max-width: 1154px) 100vw, 1154px\" \/><figcaption id=\"caption-attachment-868\" class=\"wp-caption-text\">Atelier-cr\u00e9ation \u00e0 Groix<\/figcaption><\/figure>\n","protected":false},"excerpt":{"rendered":"<p>{:fr}&#8230;J&rsquo;ai termin\u00e9 la mise en place dans mon cahier blanc de la collecte des post-it offerts par les participants au fil des \u00e9changes. Avec \u00e9motion. Avec reconnaissance. Pour chacune des personnes rassembl\u00e9es par toi en ce lieu si beau qu&rsquo;est l&rsquo;Ile de Groix. Et toute ma gratitude pour ces temps de croissance int\u00e9rieure que tu &hellip; <a href=\"http:\/\/narraventures.com\/coaching\/nos-histoires\/\" class=\"more-link\">Continuer la lecture de <span class=\"screen-reader-text\">Nos histoires<\/span><\/a><\/p>\n","protected":false},"author":1,"featured_media":906,"parent":0,"menu_order":0,"comment_status":"closed","ping_status":"closed","template":"","meta":[],"translation":{"provider":"WPGlobus","version":"3.0.0","language":"fr","enabled_languages":["fr","en"],"languages":{"fr":{"title":true,"content":true,"excerpt":false},"en":{"title":true,"content":true,"excerpt":false}}},"_links":{"self":[{"href":"http:\/\/narraventures.com\/coaching\/wp-json\/wp\/v2\/pages\/845"}],"collection":[{"href":"http:\/\/narraventures.com\/coaching\/wp-json\/wp\/v2\/pages"}],"about":[{"href":"http:\/\/narraventures.com\/coaching\/wp-json\/wp\/v2\/types\/page"}],"author":[{"embeddable":true,"href":"http:\/\/narraventures.com\/coaching\/wp-json\/wp\/v2\/users\/1"}],"replies":[{"embeddable":true,"href":"http:\/\/narraventures.com\/coaching\/wp-json\/wp\/v2\/comments?post=845"}],"version-history":[{"count":46,"href":"http:\/\/narraventures.com\/coaching\/wp-json\/wp\/v2\/pages\/845\/revisions"}],"predecessor-version":[{"id":964,"href":"http:\/\/narraventures.com\/coaching\/wp-json\/wp\/v2\/pages\/845\/revisions\/964"}],"wp:featuredmedia":[{"embeddable":true,"href":"http:\/\/narraventures.com\/coaching\/wp-json\/wp\/v2\/media\/906"}],"wp:attachment":[{"href":"http:\/\/narraventures.com\/coaching\/wp-json\/wp\/v2\/media?parent=845"}],"curies":[{"name":"wp","href":"https:\/\/api.w.org\/{rel}","templated":true}]}}