{"id":797,"date":"2021-07-22T17:17:36","date_gmt":"2021-07-22T17:17:36","guid":{"rendered":"http:\/\/narraventures.com\/coaching\/?page_id=797"},"modified":"2024-09-06T13:53:43","modified_gmt":"2024-09-06T13:53:43","slug":"ateliers-aventures","status":"publish","type":"page","link":"http:\/\/narraventures.com\/coaching\/ateliers-aventures\/","title":{"rendered":"Ateliers\/Aventures"},"content":{"rendered":"<p>TRAVERSEES<\/p>\n<p style=\"text-align: justify;\">Besoin d\u2019un espace, d\u2019un moment \u00ab hors du temps \u00bb pour nourrir et faire infuser projets et engagements?<br \/>\nVenez trouver inspiration, ressourcement, et soutien pour concr\u00e9tiser vos visions, vos r\u00eaves, pour avancer sur un projet de vie personnelle ou professionnelle. <\/p>\n<div class='content-column one_third'><figure id=\"attachment_818\" aria-describedby=\"caption-attachment-818\" style=\"width: 200px\" class=\"wp-caption alignnone\"><img loading=\"lazy\" class=\"wp-image-818\" src=\"http:\/\/narraventures.com\/coaching\/wp-content\/uploads\/2021\/07\/equipe-leve-la-voile_650-230x300.jpg\" alt=\"L'e\u0301quipe l\u00e8ve la voile\" width=\"200\" height=\"261\" srcset=\"http:\/\/narraventures.com\/coaching\/wp-content\/uploads\/2021\/07\/equipe-leve-la-voile_650-230x300.jpg 230w, http:\/\/narraventures.com\/coaching\/wp-content\/uploads\/2021\/07\/equipe-leve-la-voile_650.jpg 499w\" sizes=\"(max-width: 200px) 100vw, 200px\" \/><figcaption id=\"caption-attachment-818\" class=\"wp-caption-text\">L&rsquo;e\u0301quipe l\u00e8ve la voile<\/figcaption><\/figure><\/div>\n<div class='content-column two_third last_column'><div style=\"padding-left:20px;\"><p style=\"text-align: justify;\">Forte de la m\u00e9taphore des passages, ou \u00ab migrations d\u2019identit\u00e9 \u00bb, les ateliers Travers\u00e9es se font dans des Iles (Sao Miguel aux A\u00e7ores, Groix en Bretagne\u2026).<\/p>\n<p style=\"text-align: justify;\">Ces aventures vous permettront une exploration des Passages ou Travers\u00e9es dans votre vie, \u00e0 travers diverses activit\u00e9s cr\u00e9atives et r\u00e9flexives inspir\u00e9es notamment des Pratiques Narratives, de l\u2019art th\u00e9rapie et diverses autres sources.<\/p><\/div><\/div><div class='clear_column'><\/div><div class='content-column two_third'><div style=\"padding-top:50px;padding-right:20px;\"><p style=\"text-align: justify;\">Nous partirons \u00e0 la d\u00e9couverte des ressources tant personnelles que naturelles&#8230; Travail individuel et de groupe, facilit\u00e9 par des conversations narratives, \u00ab\u00a0c\u00e9r\u00e9monies d\u00e9finitionnelles\u00a0\u00bb, activit\u00e9s qui vous engageront \u00e0 plusieurs niveaux. Exercices cr\u00e9atifs et ballades d&rsquo;exploration des environs, ainsi qu&rsquo;exercices dans la nature pour cheminer en douceur.<br \/>\nL\u2019importance du groupe, la cr\u00e9ation d&rsquo;une communaut\u00e9 de soutien, ainsi que du temps pour soi sont des \u00e9l\u00e9ments importants qui vous soutiendront dans votre travers\u00e9e\u2026<\/p><\/div><\/div><br \/>\n<div class='content-column one_third last_column'><div style=\"padding-left:20px;\"><figure id=\"attachment_802\" aria-describedby=\"caption-attachment-802\" style=\"width: 196px\" class=\"wp-caption alignnone\"><img loading=\"lazy\" class=\"wp-image-802\" src=\"http:\/\/narraventures.com\/coaching\/wp-content\/uploads\/2021\/07\/ferry-sm-225x300.jpg\" alt=\"Le ferry\" width=\"196\" height=\"261\" srcset=\"http:\/\/narraventures.com\/coaching\/wp-content\/uploads\/2021\/07\/ferry-sm-225x300.jpg 225w, http:\/\/narraventures.com\/coaching\/wp-content\/uploads\/2021\/07\/ferry-sm.jpg 240w\" sizes=\"(max-width: 196px) 100vw, 196px\" \/><figcaption id=\"caption-attachment-802\" class=\"wp-caption-text\">Le ferry<\/figcaption><\/figure><\/div><\/div><div class='clear_column'><\/div><\/p>\n<figure id=\"attachment_798\" aria-describedby=\"caption-attachment-798\" style=\"width: 449px\" class=\"wp-caption aligncenter\"><img loading=\"lazy\" class=\"wp-image-798\" src=\"http:\/\/narraventures.com\/coaching\/wp-content\/uploads\/2021\/07\/landscapeacores_500.jpg\" alt=\"Les A\u00e7ores\" width=\"449\" height=\"300\" srcset=\"http:\/\/narraventures.com\/coaching\/wp-content\/uploads\/2021\/07\/landscapeacores_500.jpg 748w, http:\/\/narraventures.com\/coaching\/wp-content\/uploads\/2021\/07\/landscapeacores_500-300x201.jpg 300w\" sizes=\"(max-width: 449px) 100vw, 449px\" \/><figcaption id=\"caption-attachment-798\" class=\"wp-caption-text\">Les A\u00e7ores<\/figcaption><\/figure>\n<p>Le prochain atelier <span style=\"text-decoration: underline;\"><a href=\"http:\/\/narraventures.com\/coaching\/ateliers\/\">Travers\u00e9es<\/a><\/span> se fera aux A\u00e7ores<br \/>\nDate : 9 juin &#8211; 16 juin, 2025<div class='content-column one_third'><figure id=\"attachment_799\" aria-describedby=\"caption-attachment-799\" style=\"width: 176px\" class=\"wp-caption alignnone\"><img loading=\"lazy\" class=\"wp-image-799\" src=\"http:\/\/narraventures.com\/coaching\/wp-content\/uploads\/2021\/07\/Seance_groix_420-240x300.jpg\" alt=\"S\u00e9ance \u00e0 Groix\" width=\"176\" height=\"220\" srcset=\"http:\/\/narraventures.com\/coaching\/wp-content\/uploads\/2021\/07\/Seance_groix_420-240x300.jpg 240w, http:\/\/narraventures.com\/coaching\/wp-content\/uploads\/2021\/07\/Seance_groix_420.jpg 420w\" sizes=\"(max-width: 176px) 100vw, 176px\" \/><figcaption id=\"caption-attachment-799\" class=\"wp-caption-text\">S\u00e9ance \u00e0 Groix<\/figcaption><\/figure><\/div><br \/>\n<div class='content-column two_third last_column'><div style=\"padding-left:20px;\"><span style=\"text-decoration: underline;\"><a href=\"http:\/\/narraventures.com\/coaching\/nos-histoires\/\">Cliquez ici<\/a><\/span> (lien vers nos histoires) pour visiter des moments v\u00e9cus et des t\u00e9moignages.<\/p>\n<p>Cliquez <a href=\"http:\/\/narraventures.com\/coaching\/wp-content\/uploads\/2024\/09\/Infos-retraite-ressourcementAcores-6-25.docx\" target=\"_blank\" rel=\"noopener\"><span style=\"text-decoration: underline;\">ici<\/span><\/a> pour d\u00e9tails logistiques .<\/div><\/div><div class='clear_column'><\/div><\/p>\n","protected":false},"excerpt":{"rendered":"<p>TRAVERSEES Besoin d\u2019un espace, d\u2019un moment \u00ab hors du temps \u00bb pour nourrir et faire infuser projets et engagements? Venez trouver inspiration, ressourcement, et soutien pour concr\u00e9tiser vos visions, vos r\u00eaves, pour avancer sur un projet de vie personnelle ou professionnelle. Le prochain atelier Travers\u00e9es se fera aux A\u00e7ores Date : 9 juin &#8211; 16 &hellip; <a href=\"http:\/\/narraventures.com\/coaching\/ateliers-aventures\/\" class=\"more-link\">Continuer la lecture de <span class=\"screen-reader-text\">Ateliers\/Aventures<\/span><\/a><\/p>\n","protected":false},"author":1,"featured_media":892,"parent":0,"menu_order":0,"comment_status":"closed","ping_status":"closed","template":"","meta":[],"translation":{"provider":"WPGlobus","version":"3.0.0","language":"fr","enabled_languages":["fr","en"],"languages":{"fr":{"title":true,"content":true,"excerpt":false},"en":{"title":true,"content":true,"excerpt":false}}},"_links":{"self":[{"href":"http:\/\/narraventures.com\/coaching\/wp-json\/wp\/v2\/pages\/797"}],"collection":[{"href":"http:\/\/narraventures.com\/coaching\/wp-json\/wp\/v2\/pages"}],"about":[{"href":"http:\/\/narraventures.com\/coaching\/wp-json\/wp\/v2\/types\/page"}],"author":[{"embeddable":true,"href":"http:\/\/narraventures.com\/coaching\/wp-json\/wp\/v2\/users\/1"}],"replies":[{"embeddable":true,"href":"http:\/\/narraventures.com\/coaching\/wp-json\/wp\/v2\/comments?post=797"}],"version-history":[{"count":96,"href":"http:\/\/narraventures.com\/coaching\/wp-json\/wp\/v2\/pages\/797\/revisions"}],"predecessor-version":[{"id":1187,"href":"http:\/\/narraventures.com\/coaching\/wp-json\/wp\/v2\/pages\/797\/revisions\/1187"}],"wp:featuredmedia":[{"embeddable":true,"href":"http:\/\/narraventures.com\/coaching\/wp-json\/wp\/v2\/media\/892"}],"wp:attachment":[{"href":"http:\/\/narraventures.com\/coaching\/wp-json\/wp\/v2\/media?parent=797"}],"curies":[{"name":"wp","href":"https:\/\/api.w.org\/{rel}","templated":true}]}}