{"id":52,"date":"2016-08-19T09:29:33","date_gmt":"2016-08-19T09:29:33","guid":{"rendered":"http:\/\/narraventures.com\/coaching\/?page_id=52"},"modified":"2016-08-19T09:29:39","modified_gmt":"2016-08-19T09:29:39","slug":"videos","status":"publish","type":"page","link":"http:\/\/narraventures.com\/coaching\/videos\/","title":{"rendered":"Vid\u00e9os"},"content":{"rendered":"<p>Co-creation dans l&rsquo;apprentissage de comp\u00e9tences manag\u00e9riales:<br \/>\nQuand le savoir \u00ab\u00a0expert\u00a0\u00bb rencontre le savoir \u00ab\u00a0local\u00a0\u00bb<\/p>\n<div class='myvideo' data='http:\/\/vimeo.com\/173050362\/0\/0\/640\/360\/1\/1\/1\/0\/'>auto playing auto muting video<\/div>\n","protected":false},"excerpt":{"rendered":"<p>Co-creation dans l&rsquo;apprentissage de comp\u00e9tences manag\u00e9riales: Quand le savoir \u00ab\u00a0expert\u00a0\u00bb rencontre le savoir \u00ab\u00a0local\u00a0\u00bb<\/p>\n","protected":false},"author":1,"featured_media":0,"parent":0,"menu_order":0,"comment_status":"closed","ping_status":"closed","template":"","meta":[],"translation":{"provider":"WPGlobus","version":"3.0.0","language":"fr","enabled_languages":["fr","en"],"languages":{"fr":{"title":true,"content":true,"excerpt":false},"en":{"title":true,"content":true,"excerpt":false}}},"_links":{"self":[{"href":"http:\/\/narraventures.com\/coaching\/wp-json\/wp\/v2\/pages\/52"}],"collection":[{"href":"http:\/\/narraventures.com\/coaching\/wp-json\/wp\/v2\/pages"}],"about":[{"href":"http:\/\/narraventures.com\/coaching\/wp-json\/wp\/v2\/types\/page"}],"author":[{"embeddable":true,"href":"http:\/\/narraventures.com\/coaching\/wp-json\/wp\/v2\/users\/1"}],"replies":[{"embeddable":true,"href":"http:\/\/narraventures.com\/coaching\/wp-json\/wp\/v2\/comments?post=52"}],"version-history":[{"count":2,"href":"http:\/\/narraventures.com\/coaching\/wp-json\/wp\/v2\/pages\/52\/revisions"}],"predecessor-version":[{"id":421,"href":"http:\/\/narraventures.com\/coaching\/wp-json\/wp\/v2\/pages\/52\/revisions\/421"}],"wp:attachment":[{"href":"http:\/\/narraventures.com\/coaching\/wp-json\/wp\/v2\/media?parent=52"}],"curies":[{"name":"wp","href":"https:\/\/api.w.org\/{rel}","templated":true}]}}